 = i - -95. Calculate the remainder when s is divided by 7.
0
Let l = 31 - 28. Suppose t = -y - t + 95, -3*t + 291 = l*y. What is the remainder when y is divided by 25?
24
Suppose 0 = -4*k - 4*v + 7 + 17, -2*k = -v - 9. Suppose -35 = -k*n + 15. What is the remainder when 2/((5/(-120))/((-3)/9)) is divided by n?
6
Let s(t) = -t**3 - 4*t**2 - 22*t - 2. What is the remainder when s(-7) is divided by 10?
9
Let i = -551 + 678. Calculate the remainder when i is divided by 23.
12
Let p = -27 + 128. Calculate the remainder when p is divided by (-1 - (-60)/8)*4.
23
Suppose 44 = 5*o + 9. Suppose o = c - 13. Suppose 0 = d - 5*d - c, j + 2*d + 2 = 0. What is the remainder when 14 is divided by j?
6
Suppose -70 = -8*c + 3*c. Let j(d) = -3*d - 24. Let t be j(-5). Let b = t + c. Calculate the remainder when b is divided by 4.
1
Let v(f) = -f**3 + 6*f**2 + 6*f - 3. Let h be v(7). What is the remainder when 531/15 + h/25 is divided by 12?
11
Suppose -6*p + 0*p = -3132. Let g be (-1 + 5)/(12/p). What is the remainder when (-1)/(2*(-3)/g) is divided by 8?
5
Let d = 31 + 8. Suppose a = 3*a - 150. Suppose 0 = -3*w + 5*z + 67, w - 6*w + z + a = 0. What is the remainder when d is divided by w?
11
Let y = -224 + 259. Let b(m) = 13*m**2 - 4*m - 1. What is the remainder when b(3) is divided by y?
34
Calculate the remainder when 242 is divided by 2/5 + (111328/35)/28.
14
Let v(n) = -n + 11. Let h = 57 - 31. What is the remainder when h is divided by v(4)?
5
Suppose 4*k - 8 = 5*l + 120, -4*k - 3*l + 128 = 0. Calculate the remainder when 70 is divided by k.
6
Let l(y) = 4*y + 35. Let w be l(6). Suppose -4*k = -v + w, 2 + 2 = -k. What is the remainder when 212 is divided by v?
40
Let d(j) = j**3 + j**2 + j + 1. Let m(q) = -2*q**3 + 12*q**2 - 12*q + 9. Let p(l) = d(l) + m(l). What is the remainder when 63 is divided by p(12)?
19
Let p be 4*(1790/60)/((-4)/(-6)). Let q = -126 + p. Calculate the remainder when q is divided by 20.
13
Suppose -81 = -v + 4*b, -12*b = -v - 9*b + 77. What is the remainder when 237 is divided by v?
42
Suppose 0 = 4*k + 5 - 17. Suppose -2*j - 7 + k = -5*f, -5*j + f + 13 = 0. Suppose -j*v = 2 - 5. What is the remainder when 2 is divided by v?
0
Let w(v) = -86*v**3 - 2*v**2 - 2*v - 1. What is the remainder when w(-1) is divided by 11?
8
Let q be (5 + -4)/(3/(-795)). What is the remainder when -2*(q/10 + 4) is divided by 12?
9
Suppose 13*t - 225 = -43. Suppose 2*x + 0*k = k + 22, t = x + k. What is the remainder when 29 is divided by x?
5
Suppose x + 3*x - 32 = 0. What is the remainder when 7 is divided by 14/x - (-8)/32?
1
Let g = -338 + 593. Let y = g + -99. What is the remainder when y is divided by 20?
16
Let u = 607 + -414. Calculate the remainder when u is divided by 59.
16
Suppose -8*t + 4*h = -3*t + 190, -4*h - 20 = 0. Calculate the remainder when 121 is divided by -3 - -3 - t - (2 + -1).
39
What is the remainder when 21*(-172)/112*-8 is divided by 92?
74
Suppose -125*k + 95*k + 1020 = 0. Calculate the remainder when 575 is divided by k.
31
Suppose 6*j = i + j - 8, 2*i - 5*j - 26 = 0. What is the remainder when 125 is divided by -6*((-48)/i + 0)?
13
Let q(u) = u - 13. Let j be q(15). Suppose p = 4*c - 26, -j*c + 24 = p + 4*p. Let y(z) = z**2 - 2*z - 6. What is the remainder when y(c) is divided by 15?
14
Suppose -2990 = -10*j + 7760. What is the remainder when j is divided by 22?
19
Let d be 12/(-78) - 48678/(-39). Suppose 10*b = 252 + d. What is the remainder when b is divided by 38?
36
Suppose 0 = -2*j + 3*z + 167, -3*j + z + 244 = 3*z. Let l be (-2)/(-1) - (j + -4). Let r = l - -112. Calculate the remainder when r is divided by 13.
10
Let l(u) = u**3 + 14*u**2 - 14*u + 19. Suppose 4*d - 5*a + 55 = 0, 29 = 4*d - 6*d + a. Calculate the remainder when l(d) is divided by 3.
1
Let y(d) = -d**3 - 10*d**2 - 10*d - 5. Let g be y(-9). Suppose -m = 5*f + m - 63, -g*m = 3*f - 49. Calculate the remainder when 27 is divided by f.
5
Let t(q) = -4 - 2 + 3*q - 4*q - 4. Let w be t(-10). Suppose -2*z = -w*z - 52. Calculate the remainder when z is divided by 7.
5
Let v be ((-2)/4)/(6/12). Suppose y = x + 18, -2*x - 68 = -5*y + y. Calculate the remainder when (290/25 - 1/v)*5 is divided by y.
15
Calculate the remainder when 412 is divided by 26/(6*(-2)/(-48)).
100
Suppose 0 = -8*l + 3*l + 70. Suppose -44 = -5*g + 3*g. Suppose 4*x - 10 = g. Calculate the remainder when l is divided by x.
6
Suppose -3*c + 108 - 27 = 0. Let w(s) = 2*s**3 + 7*s**2 + 3*s - 8. Let k be w(-8). Calculate the remainder when c is divided by k/(-40) + 2/(-10).
12
Suppose p - 24 = -3*p. Suppose p*w = w + 105. Let d = w + -14. Calculate the remainder when 26 is divided by d.
5
Suppose -7*c + 4*c = -15. Suppose g + 4*d = -2*g + 18, -4*g + 24 = -c*d. Calculate the remainder when 11 is divided by g.
5
Calculate the remainder when 49 is divided by ((-1)/4)/((-12 - -4)/608).
11
Let x be 70 - 2/2*-2. Suppose 2*w + 9 = -3*z + x, -3*w - 63 = -3*z. Suppose 0 = -8*c + 2 + 62. What is the remainder when z is divided by c?
5
Let x = -21 + 30. Suppose x*q = 4*q + 30. Calculate the remainder when 3*1*5/10*6 is divided by q.
3
Suppose 5*y + 2*s = -6, -3*y + 4 = 4*s + 2. Let g(u) = u**3 - 4*u**2 - 5*u + 2. What is the remainder when g(5) is divided by y/(3 - 3 - 1)?
0
Let g = 266 + -177. Let v(t) = 5*t - 17. Let u be v(11). Let c = 61 - u. What is the remainder when g is divided by c?
20
Suppose 0 = -8*w + 14446 - 4270. Calculate the remainder when w is divided by 19.
18
Let l = 2 - 0. Let b(m) = 30*m**2 + m + 1. Calculate the remainder when b(l) is divided by 18.
15
Suppose -4*m - 494 + 522 = 0. Calculate the remainder when 55 is divided by m.
6
Let n(b) = -b**3 - 14*b**2 + 14*b - 5. Let r(c) = c**2 - 5*c - 21. What is the remainder when r(10) is divided by n(-15)?
9
Suppose 5*h + 18*h = 851. What is the remainder when 219 is divided by h?
34
Suppose -9 = -3*a + 15. Let c(i) = -i**3 + 8*i**2 + 4*i - 12. What is the remainder when 58 is divided by c(a)?
18
Suppose 5*q + q - 18 = 0, j = -2*q + 23. Calculate the remainder when j is divided by 5.
2
Let z = -24 + 47. Suppose 3*p + 32 = -2*n, -3*n + 2*p = -2*n + z. Let y = 7 - n. What is the remainder when 76 is divided by y?
24
Suppose -4*t + 9*t = 250. Let g(d) = -28*d - 84. Calculate the remainder when t is divided by g(-4).
22
Let g = -476 + 489. Calculate the remainder when 42 is divided by g.
3
Suppose -5*i + 3*i + 17 = 5*w, 3*i + w - 58 = 0. Let x(f) = 189*f - 24. What is the remainder when x(1) is divided by i?
18
Suppose 14*v = 154 - 14. What is the remainder when 53 is divided by v?
3
Suppose -3*b + 100 = 3*i - 758, -10 = -5*b. What is the remainder when i is divided by 15?
14
Suppose -5*u - 78 + 28 = -5*n, 53 = 5*n - 2*u. Calculate the remainder when 172 is divided by n.
7
Let q(w) = -w**3 + 6*w**2 + 7*w - 11. Let g = 36 - 30. Calculate the remainder when q(g) is divided by 18.
13
Suppose -t = -0*t + 4*m + 8, 3*m = -t - 3. Suppose -4*v - 15 = -2*j - 1, 53 = 4*j - 3*v. What is the remainder when j is divided by (2 + t)/2*1?
3
Let t = 0 + -2. Let l be -1*(-1 - t) + 94. Suppose m = -2*m + l. What is the remainder when m is divided by 8?
7
Suppose 4*u + 12 + 0 = 0. Let w(c) be the second derivative of -c**3/6 + 5*c**2/2 - 8*c. Calculate the remainder when 31 is divided by w(u).
7
Let t(w) = w**3 - 7*w**2 + 17*w + 15. Calculate the remainder when t(8) is divided by 22.
17
Let z = -117 - -168. Suppose 8 = 2*a - 5*k, -3*k + 6*k = 0. What is the remainder when 2/(-4) + z/6 is divided by a?
0
Let x = 387 + -339. What is the remainder when 238 is divided by x?
46
What is the remainder when 259 + -1*(-64)/(-8) is divided by 21?
20
Let z = 8 + -5. Suppose z*f + 0*o = -2*o + 85, 3*o = 15. What is the remainder when f is divided by 13?
12
Let s = -39 - -66. Suppose 33 + s = 5*c. Calculate the remainder when c is divided by 7.
5
Suppose 17*a - 36 = 14*a. Let w = -8 + 11. What is the remainder when a is divided by w?
0
Suppose 3*s - 88 = -s. What is the remainder when (-159)/18 - -9 - 383/(-6) is divided by s?
20
Suppose 5*d = 2*h - 31, -2*d - 5*h + 8*h - 8 = 0. Let t = d - -14. What is the remainder when ((-84)/(-8))/t*30 is divided by 12?
9
Let w be (36/(-8))/9 - (-5)/2. Suppose -7*f = -w*f + 3*u - 132, 3*f - 2*u - 83 = 0. Calculate the remainder when (-104)/